 Let l(c) = -c**2 - 6*c - 2. Give l(v).
6
Suppose -24 = 4*l - 8*l. Suppose l*k = k + 10. Let q(n) be the third derivative of n**6/120 - n**5/20 + n**4/24 + 2*n**2. Determine q(k).
-2
Let s(p) = -p**3 + p**2 + 2*p + 3. Let h be s(0). Let r(w) be the first derivative of -7*w + 1/3*w**h + 2*w**2 - 8. Determine r(-5).
-2
Let v = -6 - -10. Let r(h) be the first derivative of -2*h**2 + 6*h + 285. Give r(v).
-10
Suppose 0*m + 172 = 4*m. Let c = m - 46. Let v(i) = i + 6. What is v(c)?
3
Let x(g) = g**2 - 17*g - 180. Let r be x(25). Let y(h) = h**3 - 20*h**2 + h - 26. What is y(r)?
-6
Let q(j) = 2*j**3 + 9*j**2 - 4*j + 2. Let s(t) = 12*t + 331. Let f be s(-28). Give q(f).
-3
Let i(v) be the second derivative of v**5/20 + 5*v**4/12 - 5*v**2/2 - 699*v. Suppose 3*a = 4*a + 5. Determine i(a).
-5
Let u(x) be the second derivative of x**5/20 - x**3/3 + x**2/2 - 15*x. Let h = -24 - -48. Let s = -23 + h. Calculate u(s).
0
Let f(u) be the first derivative of u**4/4 - 16*u**3/3 - u**2/2 + 16*u - 155. Give f(16).
0
Let k(a) be the first derivative of -1/2*a**2 - 3*a + 4. Give k(-5).
2
Let c(o) = -o**2 - 8*o - 9. Let d be c(-6). Let n(s) = s - 2*s**2 - d*s**2 + 4*s**2. Let h(a) = -3*a + 58. Let y be h(20). What is n(y)?
-6
Suppose -u + 3*u - 40 = -2*d, -4*d + 5*u = -35. Let g = -12 + d. Let t(h) be the third derivative of h**4/8 - h**3/2 - 2*h**2 - 14*h. Determine t(g).
6
Let z(j) = 6*j**2 - 2*j + 6. Let b(s) = 5*s**2 - s + 5. Let n = 2 + -6. Let t(f) = n*z(f) + 5*b(f). Determine t(-4).
5
Let u(p) = 5*p**2 + 2*p - 1. Let a = 7 - -3. Suppose -5*f = 5*q - a, 12 = -0*q + 3*q - 3*f. Suppose 2*h + q*h = i - 6, 2*i + 4*h + 2 = 0. Calculate u(i).
6
Suppose 3*x - 2*o - 2 - 21 = 0, 5*o + 8 = 3*x. Let f(t) = t - 7. What is f(x)?
4
Let r(j) = -10*j**2 - 19*j - 23. Let l(o) = 3*o**2 + 5*o + 7. Let h(f) = 7*l(f) + 2*r(f). Let n = -1 - -3. Give h(n).
1
Let x be (10/(-30))/(1/39). Let b(k) = 5*k + 7. Let d(i) = -11*i - 14. Let q(a) = x*b(a) - 6*d(a). Give q(0).
-7
Suppose 10 = 3*i + 4*k, -5*i + 16 = 3*k + 14. Let y(h) = 2*h**3 + 2*h**2 - 3*h - 3. Determine y(i).
-5
Suppose 4*z + 0*z = 4*o + 84, 0 = -4*o - 5*z - 66. Let c = 41 + o. Let q(y) = -y**2 - 39 + 21 - 5*y + c. Determine q(-6).
-2
Suppose -m = -0*m. Suppose m*n + z - 12 = -4*n, 5*z + 6 = 2*n. Let y(i) = -6 + i**n + 3 + 5*i**2 - 3. What is y(-5)?
-6
Let v be -3 - -2 - 14/(-2). Let t(s) be the first derivative of s**2/2 - 2*s + 51. Calculate t(v).
4
Let d(x) be the third derivative of -11*x**4/24 + 6*x**2. What is d(-1)?
11
Let k be -6*(-1 - 2/(-6)). Let l(g) be the third derivative of -2/3*g**3 + 0 - 56*g**2 + 0*g + 1/8*g**4. Calculate l(k).
8
Let f(o) = -3*o**3 - o**2 + 4*o + 3. Let z = 160 + -162. What is f(z)?
15
Let q(d) = 7*d - 3. Let l = -385 + 384. Determine q(l).
-10
Let x(m) = -1 - 7 - 1 - 7 - 12*m + m**2. Give x(13).
-3
Let r(s) = s**2 + 7*s. Let p = -61 + 55. Determine r(p).
-6
Let g(o) be the first derivative of -4*o + 1/2*o**2 + 2*o**3 + 6 - 1/4*o**4. What is g(6)?
2
Let u(z) = 3*z - 22. Let t be u(6). Let s(b) = b**3 + 4*b**2 - 2*b + 1. Determine s(t).
9
Let b be 33/(-9) + (5 - 57/9). Let t(c) be the third derivative of -c**6/120 - c**5/12 - c**4/24 - c**3 + c**2. Determine t(b).
-1
Let i(q) = -q**3 - 6*q**2 - q + 6. Suppose 5*k - 69 = -269. Let r be (k/(-12) - 0)*6. Suppose 5*c = c - r. What is i(c)?
-14
Let c(t) = -t - 5. Let l be c(-9). Suppose l*v + 2 = 26. Let d be (-1)/((-2)/v)*-2. Let y(o) = -o**2 - 6*o - 9. Give y(d).
-9
Let f(b) = b + 1. Let c(k) = -2*k**2 - 3. Let h(n) = -c(n) - 4*f(n). Let i be 0 + (-16)/((-4)/1). Determine h(i).
15
Let b(c) = c - 2. Let y be (1/2)/((-3)/(-24)). Suppose y*p - 3*a = 2*a - 3, -5*a = 3*p + 46. Let f be p/28 - 9/(-4). What is b(f)?
0
Let c(n) = -n**3 + 107 + 105 + 4*n**2 - 213 - n - n + 0*n. What is c(2)?
3
Suppose w - 3*y - 7 = 5*w, y - 7 = w. Let x(d) = 6*d - 36. Let b(t) = -2*t + 15. Let k(i) = 5*b(i) + 2*x(i). Determine k(w).
-5
Let g(t) be the third derivative of -35*t**2 - 1/120*t**6 + t**3 - t - 1/20*t**5 + 1/4*t**4 + 0. What is g(-4)?
-2
Let v(p) = -4*p - 2. Let f = 18 - 19. Let b be (5 - -10) + (-1 - f). Let z be (-6)/b*5/1. Calculate v(z).
6
Suppose 0 = 2*a - 33 + 37. Let t(r) = -9*r - 5. What is t(a)?
13
Suppose -t + 3*i - 10 = 0, -5*t - 3*i - 25 + 65 = 0. Let o(c) = c**3 - 4*c**2 - c. Calculate o(t).
20
Let y(d) = 1 + d + 1 - 1 + 6. Let z be y(0). Suppose 4*q = z*q + 15. Let j(a) = -a**2 - 8*a - 7. Calculate j(q).
8
Let w = -153 - -144. Let x(v) = -v**2 - 7*v + 12. Calculate x(w).
-6
Let r(w) = w**2 - 5*w - 16. Let s(j) = 1. Let p(u) = r(u) - 4*s(u). Determine p(7).
-6
Let u(h) = h**3 + 13*h**2 + 12*h + 2. Suppose 4*v = -2*g - 50, g + 13 = -v - 0*v. Calculate u(v).
2
Suppose 9*i = -6*i. Let x(h) = -h**3 + 2*h - 13. What is x(i)?
-13
Let z(f) = -f**2 + 22*f - 29. Let w be z(21). Let t be 0 - (15 - 10)*w/(-10). Let a(q) = -q**2 - 4*q. Determine a(t).
0
Let l(u) be the second derivative of -u**4/12 - u**3/2 + 2*u**2 - 10*u - 3. Calculate l(-3).
4
Let m(o) = -o**2 - 5*o + 6. Let t be 2/5 - (-27)/45. Let d be t/(0 + 2/2). Suppose -d + 7 = -n. Give m(n).
0
Let p(s) be the first derivative of -2/3*s**3 + 2*s + 1/2*s**2 - 19. Let n(q) = q**3 - 6*q**2 - 7*q + 2. Let h be n(7). Calculate p(h).
-4
Let g be 5 + -12 + 5 + 6. Suppose -2 = -4*a + 2. Let b(o) = 2 + 3*o - a + 0 - 4*o. Calculate b(g).
-3
Let c(h) be the third derivative of h**6/720 - h**5/12 - h**4/4 - 3*h**2. Let t(y) be the second derivative of c(y). Give t(0).
-10
Let z(u) = -2*u**3 + 3*u**2 + 6*u - 3. Let h be z(-3). Let d = 64 - h. Let b(j) = -j**2 + 5*j - 1. Give b(d).
3
Let a(n) be the third derivative of -n**5/60 + 13*n**4/24 - 3*n**3 - 12*n**2. What is a(12)?
-6
Suppose 3*t = 3, -4*t - 21 = -p - 17*t. Let y(m) = -2*m + 4. Calculate y(p).
-12
Let t = 7 - 5. Let x(m) = -2*m**2 + 0 + 0*m**2 - 3 + 3*m**t - m. Suppose -10*d = -22*d - 36. Calculate x(d).
9
Let s(v) = -4*v**2 + 15*v - 7. Let y(x) = 10*x**2 - 43*x + 21. Let j(c) = -8*s(c) - 3*y(c). What is j(-7)?
28
Let w(x) = -2*x + 4. Let o be (10 - 0) + (-1 - -1). Suppose y - 4*v = -3*y + 24, 3*y = -5*v + o. Give w(y).
-6
Suppose -17*g + 87 = -66. Let n(p) = 2*p - 8. Give n(g).
10
Let m(d) = -2 + 6*d + 4 - d + d**2 - 8*d. Suppose -6 + 4 = -g. Calculate m(g).
0
Suppose 15 = -f - 2*f. Let l(j) = j**2 - 3*j - 8. Let v be l(5). Let a(w) = -3*w**2 + 2*w**2 - v - 5*w + 1 - 4. Determine a(f).
-5
Let n(h) = 2 - 5 + 6*h**2 + 5 + 2*h**2 - 1. Calculate n(1).
9
Let l(a) = 4*a**2 + 2*a + 2. Let g(z) = -3*z**2 + 5*z + 2. Let h be g(2). Suppose h = -2*c + 7 - 11. Determine l(c).
14
Let z(r) = -3*r**2 + 7*r + 6*r**3 - 7*r**3 - 9*r**2 + 4 - 3 + 10*r**2. Determine z(-4).
5
Let o(z) = z**2 + 4*z + 5. Let d(c) = c**2 + 5*c - 10. Suppose 4*s - 20 = 2*n, -5*n - s = 43 - 15. Let x be d(n). Calculate o(x).
5
Let u(t) = -t**3 + 4*t**2 - 3*t + 1. Let k(z) = z + 12. Let s(m) = m - 1. Let d(f) = -k(f) + 5*s(f). Let r be d(5). Determine u(r).
1
Let y(o) be the third derivative of 7*o**5/20 - o**4/24 + o**3/6 - o**2 + 34. Determine y(1).
21
Suppose -36 = 519*l - 516*l. Let b(z) = z**3 + 12*z**2 + 2*z - 6. What is b(l)?
-30
Let c(g) = -4*g**2 - 75*g + 14. Let h be c(-19). Let q(z) = 4*z + 7. Calculate q(h).
-13
Let i(k) = k**3 + 7*k**2 + 8*k + 7. Suppose 4*g + 16 = -0*g. Let o = g - -4. Let z be 1 + -3 + (o - 4). What is i(z)?
-5
Let z(r) = r**3 + 12*r**2 - 14*r - 1. Let g = 24 + -37. Calculate z(g).
12
Let p(u) = 0*u + 0*u + 5 + u. Suppose 7*j = 2*j - 35. Give p(j).
-2
Let d(a) = a**3 - a**2 + a + 6. Suppose 765 = 4*k + 765. Determine d(k).
6
Let c(u) = -4*u**3 - u + 1. Let j(r) = 77*r + 386. Let f be j(-5). What is c(f)?
-4
Suppose 6*h - 3*h + 17 = -2*g, 5*h = 5*g - 20. Let v(p) = 8*p + 3. Let r be v(g). Let a(y) = y**3 + 6*y**2 + 3*y + 7. Give a(r).
17
Let n(f) = -2*f**3 + 2*f**2 + 2*f + 2. Let z be -7 - (-384)/160*(-5)/(-2). Determine n(z).
4
Let t(p) = p**2 + 6*p + 11. Suppose 4*q - 35 = 10*s - 7*s, 4*q = s + 25. Determine t(s).
6
Suppose z + 12 = -z. Let x(b) = -3*b - 7. Let t(k) = 4*k + 7. Let d(i) = z*t(i) - 7*x(i). Suppose 7*m = 14*m - 35. Calculate d(m).
-8
Suppose 3*r = -18*r + 126. Let s(n) = r*n + 7*n - n - 1 - 14*n + 3*n**2 + n**3. What is s(-3)?
5
Let h(d) = -d - 2. Let w = -74 - -103. Let b = -21 + w. Let s be 1/((2 - -2)/b). Give h(s).
-4
Let g(c) = c**3 - 6*c**2